380?
20
What is the greatest common divisor of 80 and 321190?
10
What is the highest common factor of 76378 and 2?
2
Calculate the greatest common divisor of 112 and 53032.
56
What is the greatest common divisor of 812079 and 5643?
513
Calculate the highest common divisor of 486682 and 7.
7
What is the greatest common divisor of 156 and 419088?
12
What is the highest common factor of 148500 and 756?
108
What is the greatest common factor of 34 and 2509251?
17
Calculate the greatest common divisor of 621 and 846009.
207
What is the highest common divisor of 73429 and 582?
97
Calculate the greatest common divisor of 3490 and 1525828.
698
What is the highest common factor of 3537 and 33405?
393
What is the greatest common factor of 475 and 3085?
5
What is the highest common divisor of 5160 and 243810?
1290
What is the greatest common factor of 15496 and 1768?
104
Calculate the greatest common factor of 85678 and 4.
2
Calculate the highest common divisor of 281650 and 30.
10
Calculate the greatest common divisor of 1341 and 35760.
447
What is the greatest common divisor of 1551618 and 6?
6
Calculate the greatest common divisor of 1830 and 110105.
305
What is the greatest common factor of 5148 and 209638?
286
Calculate the highest common factor of 361 and 212572.
19
Calculate the greatest common divisor of 350759 and 323.
19
Calculate the greatest common factor of 8 and 9847.
1
Calculate the highest common divisor of 462 and 441.
21
What is the greatest common divisor of 16762 and 28362?
58
Calculate the highest common factor of 627175 and 75.
25
Calculate the greatest common divisor of 5202 and 2178.
18
What is the highest common factor of 117 and 187122?
39
Calculate the highest common factor of 117 and 364.
13
Calculate the highest common factor of 396 and 52492.
44
What is the greatest common factor of 41 and 155513?
41
Calculate the greatest common factor of 47250 and 79800.
1050
What is the highest common factor of 7259590 and 65?
65
What is the highest common divisor of 11160 and 180?
180
Calculate the highest common factor of 18 and 1450485.
9
Calculate the highest common divisor of 943 and 2801653.
943
What is the highest common divisor of 5 and 2642175?
5
What is the highest common factor of 408492 and 14?
14
Calculate the highest common factor of 14 and 2006151.
7
Calculate the highest common factor of 4465 and 15980.
235
Calculate the greatest common factor of 30 and 114045.
15
Calculate the greatest common factor of 660 and 168555.
15
What is the highest common divisor of 213462 and 670?
134
What is the greatest common divisor of 11251567 and 241?
241
What is the greatest common factor of 21824 and 11253?
341
What is the highest common factor of 470 and 13066?
94
Calculate the highest common divisor of 18876 and 30228.
132
Calculate the greatest common factor of 306090 and 494.
38
What is the greatest common divisor of 145536 and 192?
192
What is the greatest common factor of 290 and 3362?
2
Calculate the highest common factor of 24180 and 39780.
780
Calculate the highest common divisor of 41 and 40877.
41
Calculate the highest common divisor of 1017 and 28815.
339
Calculate the highest common factor of 962320 and 6900.
460
What is the highest common divisor of 10 and 17416?
2
What is the greatest common divisor of 858676 and 52?
52
What is the greatest common divisor of 5841 and 99?
99
Calculate the highest common divisor of 832 and 95264.
416
Calculate the highest common divisor of 246440 and 5050.
1010
Calculate the highest common factor of 1204 and 1259986.
602
Calculate the greatest common divisor of 3320 and 120040.
40
Calculate the greatest common divisor of 36 and 245988.
36
What is the highest common factor of 17913445 and 1595?
1595
What is the highest common divisor of 34845 and 122412?
303
Calculate the highest common divisor of 60156 and 1620.
108
What is the highest common factor of 55 and 284779?
11
Calculate the highest common factor of 127782 and 132.
6
Calculate the highest common divisor of 739 and 396843.
739
What is the highest common factor of 804 and 636?
12
Calculate the highest common divisor of 19466 and 86.
2
What is the highest common factor of 12930 and 510?
30
Calculate the greatest common factor of 10527276 and 178.
178
What is the highest common factor of 117 and 789880?
13
What is the greatest common factor of 16919 and 56?
7
Calculate the greatest common divisor of 399 and 2835.
21
Calculate the greatest common divisor of 21 and 146577.
3
Calculate the highest common factor of 26 and 203879.
13
Calculate the highest common factor of 322 and 279979.
161
Calculate the greatest common divisor of 3819841 and 1465.
293
What is the greatest common factor of 7080 and 7860?
60
Calculate the highest common divisor of 224 and 406.
14
Calculate the highest common divisor of 252 and 56796.
12
Calculate the greatest common divisor of 1568 and 736.
32
Calculate the greatest common divisor of 15080 and 776.
8
What is the highest common factor of 2625 and 231?
21
Calculate the highest common divisor of 1113820 and 20.
20
What is the greatest common factor of 2418301 and 323?
323
What is the highest common divisor of 41745 and 220?
55
What is the highest common divisor of 42 and 1219666?
14
Calculate the highest common divisor of 18423 and 45.
9
Calculate the greatest common factor of 1780 and 35155.
445
Calculate the highest common factor of 7562 and 456.
38
What is the highest common divisor of 9 and 181017?
9
What is the greatest common divisor of 756 and 4860?
108
Calculate the highest common divisor of 98 and 76202.
14
What is the greatest common factor of 7409 and 496?
31
Calculate the greatest common factor of 128506 and 7504.
938
What is the highest common divisor of 267 and 6129?
3
Calculate the highest common divisor of 423798 and 18.
6
What is the highest common divisor of 6401 and 2941?
173
What is the greatest common divisor of 18 and 2816658?
18
Calculate the greatest common divisor of 49914 and 54990.
846
Calculate the highest common divisor of 1056942 and 333.
333
Calculate the highest common factor of 57993 and 39.
39
What is the greatest common divisor of 146 and 110522?
146
Calculate the highest common divisor of 5835 and 600.
15
What is the greatest common factor of 777 and 75591?
111
What is the highest common factor of 8 and 4300696?
8
What is the highest common divisor of 8096721 and 123?
123
Calculate the highest common factor of 120348 and 45.
9
What is the greatest common factor of 37141 and 273?
13
Calculate the greatest common divisor of 5 and 1836580.
5
What is the greatest common factor of 206 and 346?
2
What is the greatest common factor of 7 and 1589?
7
Calculate the greatest common divisor of 582 and 1465864.
194
Calculate the highest common divisor of 40552 and 407.
37
What is the greatest common divisor of 1040 and 25272?
104
Calculate the greatest common factor of 64 and 103616.
64
What is the highest common divisor of 8919 and 64415?
991
What is the highest common divisor of 9499 and 49?
7
Calculate the greatest common factor of 47775 and 8736.
273
Calculate the greatest common divisor of 1758477 and 21.
21
What is the highest common factor of 76689 and 153?
9
What is the highest common divisor of 114512 and 45152?
272
Calculate the greatest common factor of 57915 and 50765.
715
What is the highest common divisor of 465 and 107136?
93
What is the greatest common divisor of 108 and 1359000?
36
Calculate the highest common divisor of 1102 and 9880.
38
Calculate the highest common factor of 399658 and 42.
14
Calculate the greatest common divisor of 35 and 5677.
7
Calculate the greatest common divisor of 12240 and 1156.
68
Calculate the greatest common factor of 87180 and 960.
60
What is the greatest common factor of 19764 and 732?
732
What is the highest common divisor of 925 and 81275?
25
Calculate the highest common divisor of 22308 and 396.
132
What is the highest common factor of 360 and 888600?
120
What is the greatest common factor of 1914 and 2639?
29
What is the greatest common factor of 61847 and 787877?
2689
Calculate the greatest common factor of 244375 and 69.
23
What is the highest common divisor of 2737 and 9590?
7
Calculate the highest common divisor of 21573 and 15